{"id":3203,"date":"2017-03-09T15:14:04","date_gmt":"2017-03-09T20:14:04","guid":{"rendered":"http:\/\/caph-02.eproofs.ca\/divisions-fr\/"},"modified":"2026-02-25T13:07:22","modified_gmt":"2026-02-25T18:07:22","slug":"divisions","status":"publish","type":"page","link":"https:\/\/cap.ca\/fr\/divisions\/","title":{"rendered":"Divisions"},"content":{"rendered":"<p>L\u2019ACP a cr\u00e9\u00e9 14 divisions internes et 1 division externe pour soutenir et promouvoir plus \u00e0 fond les domaines sp\u00e9cialis\u00e9s d\u2019int\u00e9r\u00eat en physique. Les pr\u00e9sidents de division si\u00e8gent au Comit\u00e9 consultatif et au Comit\u00e9 du programme du congr\u00e8s de l\u2019ACP. Pour de plus amples renseignements sur une division et ses activit\u00e9s, veuillez cliquer sur les liens qui suivent.<\/p>\n<p>&nbsp;<\/p>\n<hr \/>\n<h2><\/h2>\n<h2><strong>Divisions internes<\/strong><\/h2>\n<p>&nbsp;<\/p>\n<table style=\"width: 731px;\">\n<tbody>\n<tr>\n<td style=\"width: 395px;\" valign=\"top\"><strong><a href=\"https:\/\/cap.ca\/fr\/divisions\/degp\/\">Division pour l\u2019\u00e9galit\u00e9 des genres en physique (DEGP)<\/a><\/strong><\/p>\n<p>2025\/26 Pr\u00e9sidente : <span data-sheets-root=\"1\">Juliette Mammei \/ Hilding Neilson<\/span><\/td>\n<td style=\"width: 335px;\" valign=\"top\"><a href=\"https:\/\/cap.ca\/fr\/divisions\/dep\/\"><strong>Division de l\u2019enseignement de la physique (DEP)<\/strong><\/a><\/p>\n<p>2025\/26 Pr\u00e9sidente : Ania Harlick<\/td>\n<\/tr>\n<tr>\n<td style=\"width: 395px;\" valign=\"top\"><a href=\"https:\/\/cap.ca\/fr\/divisions\/dhp-f\/\"><strong>Division de l\u2019histoire de la physique (DHP)<\/strong><\/a><\/p>\n<p>2025\/26 Pr\u00e9sident : Vacant<\/td>\n<td style=\"width: 335px;\" valign=\"top\"><a href=\"https:\/\/cap.ca\/fr\/divisions\/diq\"><strong>Division de l&#8217;information quantique (DIQ)<\/strong><\/a><\/p>\n<p>2025\/26 Pr\u00e9sidente :\u00a0 Daria Ahrensmeier<\/td>\n<\/tr>\n<tr>\n<td style=\"width: 395px;\" valign=\"top\"><strong><a href=\"https:\/\/cap.ca\/fr\/divisions\/division-de-la-physique-appliquee-et-de-linstrumentation-dpai\/\">Division de la physique appliqu\u00e9e et de l&#8217;instrumentation (DPAI)<\/a>\u00a0<\/strong><\/p>\n<p>2025\/26 Pr\u00e9sident :\u00a0 Steffon Luoma<\/td>\n<td style=\"width: 335px;\" valign=\"top\"><a href=\"https:\/\/cap.ca\/fr\/divisions\/dpae\/\"><strong>Division de la physique atmosph\u00e9rique et de l\u2019espace (DPAE)<\/strong><\/a><\/p>\n<p>2025\/26 Pr\u00e9sident :\u00a0 David Themens<\/td>\n<\/tr>\n<tr>\n<td style=\"width: 395px;\" valign=\"top\"><a href=\"https:\/\/cap.ca\/fr\/divisions\/dpampc\/\"><strong>Division de la physique atomique, mol\u00e9culaire et photonique, Canada (DPAMPC)<\/strong><\/a><\/p>\n<p>2025\/26 Pr\u00e9sident :\u00a0 Duncan O&#8217;Dell<\/td>\n<td style=\"width: 335px;\" valign=\"top\"><a href=\"https:\/\/cap.ca\/fr\/divisions\/dpmcm\/\"><strong>Division de la physique de la mati\u00e8re condens\u00e9e et mat\u00e9riaux (DPMCM)<\/strong><\/a><\/p>\n<p>2025\/26 Pr\u00e9sident :\u00a0 Greg van Anders<\/td>\n<\/tr>\n<tr>\n<td style=\"width: 395px;\" valign=\"top\"><a href=\"https:\/\/cap.ca\/fr\/divisions\/dpmb-f\/\"><strong>Division de la physique en m\u00e9decine et en biologie (DPMB)<\/strong><\/a><\/p>\n<p>2025\/26 Pr\u00e9sidente : <span data-sheets-root=\"1\">Maria Kilfoil<\/span><\/td>\n<td style=\"width: 335px;\" valign=\"top\"><a href=\"https:\/\/cap.ca\/fr\/divisions\/dpn\/\"><strong>Division de la physique nucl\u00e9aire (DPN)<\/strong><\/a><\/p>\n<p>2025\/26 Pr\u00e9sident : <span data-sheets-root=\"1\">Greg Christian<\/span><\/td>\n<\/tr>\n<tr>\n<td style=\"width: 395px;\" valign=\"top\"><a href=\"https:\/\/cap.ca\/fr\/divisions\/ppd-f\/\"><strong>Division de la physique des particules (PPD)<\/strong><\/a><\/p>\n<p>2025\/26 Pr\u00e9sidente : Savino Longo<\/td>\n<td style=\"width: 335px;\" valign=\"top\"><a href=\"https:\/\/cap.ca\/fr\/divisions\/dpp-f\/\"><strong>Division de la physique des plasmas (DPP)<\/strong><\/a><\/p>\n<p>2025\/26 Pr\u00e9sident : Amina Hussein<\/td>\n<\/tr>\n<tr>\n<td style=\"width: 395px;\" valign=\"top\"><a href=\"https:\/\/cap.ca\/fr\/divisions\/dss-f\/\"><strong>Division des sciences des surfaces (DSS)<\/strong><\/a><\/p>\n<p>2025\/26 Pr\u00e9sidente :\u00a0 Viki Meli<\/td>\n<td style=\"width: 335px;\" valign=\"top\"><a href=\"https:\/\/cap.ca\/fr\/divisions\/dpt\/\"><strong>Division de la physique th\u00e9orique (DPT)<\/strong><\/a><\/p>\n<p>2025\/26 Pr\u00e9sident : <span data-sheets-root=\"1\">Hari Kunduri<\/span><\/td>\n<\/tr>\n<\/tbody>\n<\/table>\n<h2><\/h2>\n<h2>Divisions externes<\/h2>\n<table>\n<tbody>\n<tr>\n<td colspan=\"2\"><a href=\"https:\/\/cap.ca\/fr\/divisions\/ugc\/\"><strong>Union G\u00e9ophysique Canadienne (UGC)<\/strong><\/a><\/td>\n<\/tr>\n<\/tbody>\n<\/table>\n","protected":false},"excerpt":{"rendered":"<p>L\u2019ACP a cr\u00e9\u00e9 14 divisions internes et 1 division externe pour soutenir et promouvoir plus \u00e0 fond les domaines sp\u00e9cialis\u00e9s d\u2019int\u00e9r\u00eat en physique. Les pr\u00e9sidents de division si\u00e8gent au Comit\u00e9 consultatif et au Comit\u00e9 du programme du congr\u00e8s de l\u2019ACP. Pour de plus amples renseignements sur une division et ses activit\u00e9s, veuillez cliquer sur les&#8230;  <a class=\"excerpt-read-more\" href=\"https:\/\/cap.ca\/fr\/divisions\/\" title=\"LireDivisions\">Lire la suite &raquo;<\/a><\/p>\n","protected":false},"author":10,"featured_media":0,"parent":0,"menu_order":128,"comment_status":"closed","ping_status":"closed","template":"","meta":{"footnotes":""},"class_list":["post-3203","page","type-page","status-publish","hentry"],"_links":{"self":[{"href":"https:\/\/cap.ca\/fr\/wp-json\/wp\/v2\/pages\/3203","targetHints":{"allow":["GET"]}}],"collection":[{"href":"https:\/\/cap.ca\/fr\/wp-json\/wp\/v2\/pages"}],"about":[{"href":"https:\/\/cap.ca\/fr\/wp-json\/wp\/v2\/types\/page"}],"author":[{"embeddable":true,"href":"https:\/\/cap.ca\/fr\/wp-json\/wp\/v2\/users\/10"}],"replies":[{"embeddable":true,"href":"https:\/\/cap.ca\/fr\/wp-json\/wp\/v2\/comments?post=3203"}],"version-history":[{"count":44,"href":"https:\/\/cap.ca\/fr\/wp-json\/wp\/v2\/pages\/3203\/revisions"}],"predecessor-version":[{"id":28718,"href":"https:\/\/cap.ca\/fr\/wp-json\/wp\/v2\/pages\/3203\/revisions\/28718"}],"wp:attachment":[{"href":"https:\/\/cap.ca\/fr\/wp-json\/wp\/v2\/media?parent=3203"}],"curies":[{"name":"wp","href":"https:\/\/api.w.org\/{rel}","templated":true}]}}

<p>L’ACP a créé 14 divisions internes et 1 division externe pour soutenir et promouvoir plus à fond les domaines spécialisés d’intérêt en physique. Les présidents de division siègent au Comité consultatif et au Comité du programme du congrès de l’ACP. Pour de plus amples renseignements sur une division et ses activités, veuillez cliquer sur les liens qui suivent.</p>
<p>&nbsp;</p>
<hr />
<h2></h2>
<h2><strong>Divisions internes</strong></h2>
<p>&nbsp;</p>
<table style="width: 731px;">
<tbody>
<tr>
<td style="width: 395px;" valign="top"><strong><a href="https://cap.ca/fr/divisions/degp/">Division pour l’égalité des genres en physique (DEGP)</a></strong></p>
<p>2025/26 Présidente : <span data-sheets-root="1">Juliette Mammei / Hilding Neilson</span></td>
<td style="width: 335px;" valign="top"><a href="https://cap.ca/fr/divisions/dep/"><strong>Division de l’enseignement de la physique (DEP)</strong></a></p>
<p>2025/26 Présidente : Ania Harlick</td>
</tr>
<tr>
<td style="width: 395px;" valign="top"><a href="https://cap.ca/fr/divisions/dhp-f/"><strong>Division de l’histoire de la physique (DHP)</strong></a></p>
<p>2025/26 Président : Vacant</td>
<td style="width: 335px;" valign="top"><a href="https://cap.ca/fr/divisions/diq"><strong>Division de l&#8217;information quantique (DIQ)</strong></a></p>
<p>2025/26 Présidente :  Daria Ahrensmeier</td>
</tr>
<tr>
<td style="width: 395px;" valign="top"><strong><a href="https://cap.ca/fr/divisions/division-de-la-physique-appliquee-et-de-linstrumentation-dpai/">Division de la physique appliquée et de l&#8217;instrumentation (DPAI)</a> </strong></p>
<p>2025/26 Président :  Steffon Luoma</td>
<td style="width: 335px;" valign="top"><a href="https://cap.ca/fr/divisions/dpae/"><strong>Division de la physique atmosphérique et de l’espace (DPAE)</strong></a></p>
<p>2025/26 Président :  David Themens</td>
</tr>
<tr>
<td style="width: 395px;" valign="top"><a href="https://cap.ca/fr/divisions/dpampc/"><strong>Division de la physique atomique, moléculaire et photonique, Canada (DPAMPC)</strong></a></p>
<p>2025/26 Président :  Duncan O&#8217;Dell</td>
<td style="width: 335px;" valign="top"><a href="https://cap.ca/fr/divisions/dpmcm/"><strong>Division de la physique de la matière condensée et matériaux (DPMCM)</strong></a></p>
<p>2025/26 Président :  Greg van Anders</td>
</tr>
<tr>
<td style="width: 395px;" valign="top"><a href="https://cap.ca/fr/divisions/dpmb-f/"><strong>Division de la physique en médecine et en biologie (DPMB)</strong></a></p>
<p>2025/26 Présidente : <span data-sheets-root="1">Maria Kilfoil</span></td>
<td style="width: 335px;" valign="top"><a href="https://cap.ca/fr/divisions/dpn/"><strong>Division de la physique nucléaire (DPN)</strong></a></p>
<p>2025/26 Président : <span data-sheets-root="1">Greg Christian</span></td>
</tr>
<tr>
<td style="width: 395px;" valign="top"><a href="https://cap.ca/fr/divisions/ppd-f/"><strong>Division de la physique des particules (PPD)</strong></a></p>
<p>2025/26 Présidente : Savino Longo</td>
<td style="width: 335px;" valign="top"><a href="https://cap.ca/fr/divisions/dpp-f/"><strong>Division de la physique des plasmas (DPP)</strong></a></p>
<p>2025/26 Président : Amina Hussein</td>
</tr>
<tr>
<td style="width: 395px;" valign="top"><a href="https://cap.ca/fr/divisions/dss-f/"><strong>Division des sciences des surfaces (DSS)</strong></a></p>
<p>2025/26 Présidente :  Viki Meli</td>
<td style="width: 335px;" valign="top"><a href="https://cap.ca/fr/divisions/dpt/"><strong>Division de la physique théorique (DPT)</strong></a></p>
<p>2025/26 Président : <span data-sheets-root="1">Hari Kunduri</span></td>
</tr>
</tbody>
</table>
<h2></h2>
<h2>Divisions externes</h2>
<table>
<tbody>
<tr>
<td colspan="2"><a href="https://cap.ca/fr/divisions/ugc/"><strong>Union Géophysique Canadienne (UGC)</strong></a></td>
</tr>
</tbody>
</table>

<p>L’ACP a créé 14 divisions internes et 1 division externe pour soutenir et promouvoir plus à fond les domaines spécialisés d’intérêt en physique. Les présidents de division siègent au Comité consultatif et au Comité du programme du congrès de l’ACP. Pour de plus amples renseignements sur une division et ses activités, veuillez cliquer sur les&#8230;  <a class="excerpt-read-more" href="https://cap.ca/fr/divisions/" title="LireDivisions">Lire la suite &raquo;</a></p>
